ppose -1980 = -60*x + 1320. What is the remainder when z is divided by x?
51
Let g(l) = 59*l - 1458. What is the remainder when 2105 is divided by g(25)?
14
Suppose 43*k - 12182 = -10*k + 3718. Calculate the remainder when k is divided by 17.
11
Let u(c) = 301*c + 2792. Calculate the remainder when u(6) is divided by 50.
48
Let h(o) = 56*o**2 - 30*o + 420. What is the remainder when h(9) is divided by 69?
63
What is the remainder when (147/(-9) + -11)/(5/6 - 1) is divided by 21?
17
Suppose 3410 = 36*o - 23 + 589. Let b = -1 - -41. Let d = -20 + b. Calculate the remainder when o is divided by d.
19
Let q(m) = -m**2 - 31*m + 26. Let y be (((-15)/(-6))/5)/(6/(-372)). Calculate the remainder when q(y) is divided by 7.
5
Let y(d) = -d**2 - 13*d - 16. Let z be 6*1092/54*(-6)/4. Let p = z - -193. What is the remainder when p is divided by y(-11)?
5
Suppose 4*u - 64 = 5*i, -2*u - 6 = -i - 38. What is the remainder when 20512/108 - 6/(-81) is divided by u?
14
Let h(n) = -15*n**2 + 218*n - 59. What is the remainder when 206 is divided by h(14)?
47
Let l = 34 + 9. Suppose -21*d + 807 + 1480 - 544 = 0. Calculate the remainder when d is divided by l.
40
Let u(j) = 15*j**2 + 134*j - 814. Calculate the remainder when u(6) is divided by 284.
246
Let b = -158 + 351. Let c = 234 - b. Calculate the remainder when 118 is divided by c.
36
Suppose 0 = -2*t - 2*s + 2, 5*t - 6*s + 15 = -s. What is the remainder when ((-56)/32 - t/(-4)) + 288 is divided by 17?
14
Suppose 110*r - 96*r = 126. Calculate the remainder when 188 is divided by r.
8
Let b = -446 + 532. Suppose -k = -230 + b. What is the remainder when k is divided by 32?
16
Let p = 96 - 128. Calculate the remainder when 135/7 - (-18)/(-63) is divided by (-30)/(-4)*(0 - p/24).
9
Let p = 861 - 843. What is the remainder when p is divided by (((-72)/20)/(-2))/(9/30)?
0
Suppose 0 = 4*w + 5*v - 3653, 3*w + 132*v - 2746 = 127*v. What is the remainder when w is divided by 59?
22
Suppose 5*a - 3*o = 21, -a = -0*a - 4*o - 11. Suppose 2*f - 9 = a*z + 4, 2*f + 2*z = 28. Calculate the remainder when f is divided by -23*(-230)/1058*(1 + 0).
1
What is the remainder when 376*8/(32/3) is divided by 57?
54
Let d = 8 + 156. Suppose 8*k = 3*j + 4*k - d, 0 = -4*j - 4*k + 256. Calculate the remainder when j is divided by 9.
6
Let i(c) = c**3 + 15*c**2 + 23*c. Calculate the remainder when i(-7) is divided by (-11 + 21 - -16)*(3 - 0).
75
Let y(r) = 10*r**2 + 58*r + 58. Calculate the remainder when y(-1) is divided by (-2)/(-2)*5*(-4)/(-10).
0
Let u = 3889 + -3756. Calculate the remainder when u is divided by 36.
25
Let j = -20553 - -20752. What is the remainder when j is divided by 103?
96
Let d(l) = -l**2 + 11*l + 2. Let j be (-12)/198 + (-334)/(-66). Suppose -3*v + 15 = 0, -2*s + j = -5*v - 0*v. Calculate the remainder when d(8) is divided by s.
11
Suppose 5*j = 45 + 70. Let y(c) = 6*c - 90. Let r be y(6). Let l = r + 63. Calculate the remainder when j is divided by l.
5
Let z be 0*4/(-32)*2/(-12). Suppose 40*h + 1782 - 6182 = z. What is the remainder when 546 is divided by h?
106
Let v = -9 - -52. Let q = v - 25. Calculate the remainder when 124 is divided by q.
16
Let z = -1803 - -1822. Let j be ((-80)/(-50))/(2/(-5)). Calculate the remainder when (-5 - 49)/(3/j) is divided by z.
15
Suppose 600 = 3*f - 5*j, -3*j + 33 = -f + 237. Suppose 21*h - n + 26 = 716, 4*h - 3*n = 123. What is the remainder when f is divided by h?
30
Let a = -1809 + 2574. Let c = a - 434. What is the remainder when c is divided by 9?
7
Let t = -134 - -139. Suppose j - 144 = -w, t*w = 3*j - 377 - 31. What is the remainder when j is divided by 51?
39
Let u(s) = s**2 + 10*s - 10. Let d be u(4). Suppose 22 = -6*m + d. Calculate the remainder when 20 is divided by m.
0
What is the remainder when 6*(1 + 204/8) is divided by 122?
37
Let a = 346 - 318. Calculate the remainder when 20 is divided by 19 - 4*21/a.
4
Suppose -1165*w - 5899 = -1182*w. What is the remainder when w is divided by 10?
7
Let b be 1/(-6) - ((-10)/(-12))/(-5). Let t be (b - (-2)/(-4))/(1/(-10)). Calculate the remainder when 8 is divided by 5/t - 8/(-2).
3
Let y be (-1)/(-2) + (-378)/(-36). Suppose -4*v + 9 + y = 0. What is the remainder when 3/3 - ((3 - 16) + -3) is divided by v?
2
Suppose 0 = -221*f - 33*f + 2518410. Calculate the remainder when f is divided by 37.
36
Let u be (-92 - -8 - -8) + 8. What is the remainder when 47 is divided by (u/6 - (2 + -6))*-3?
3
Suppose -6*f + 3*f - 4*q = -1044, -5*f - 2*q + 1726 = 0. What is the remainder when f is divided by 118?
108
Suppose 3*k - 85*l + 87*l = 428, 0 = 2*k - l - 276. Calculate the remainder when 5317 is divided by k.
137
Let p(v) = 306*v + 347. What is the remainder when 1679 is divided by p(-1)?
39
Suppose 3*m = -5*t + 78, -273*t + 269*t - 43 = -m. Let r = 159 + 24. What is the remainder when r is divided by m?
28
Let z be (-44)/242 + (-2746)/22. Let u = z + 292. Calculate the remainder when u is divided by 42.
41
Suppose 4*t + 30*n = 26*n + 304, -t + 75 = 2*n. What is the remainder when 250 is divided by t?
19
Suppose -4*v - 42 + 199 = 7*t, 0 = t + 2*v - 21. Calculate the remainder when 513 is divided by t.
7
Let c(m) = -m**3 - 55*m**2 + 113*m - 25. What is the remainder when 2175 is divided by c(-57)?
31
Suppose 4*a = -2*p - 174 - 216, 3*p + 205 = -2*a. Let r = a + 105. What is the remainder when 49 is divided by r?
9
Suppose 4*w = 2788 - 552. Let t = -420 + w. What is the remainder when t is divided by 56?
27
Let y(r) = 4*r**2 + 65*r + 43. What is the remainder when 2428 is divided by y(-16)?
25
Let f = 193 - 191. Let w(p) = 19*p**2 - 4*p + 7. What is the remainder when 143 is divided by w(f)?
68
Suppose -2*g + 9174 = 5*s, 821 = 5*g + 3*s - 22114. Calculate the remainder when g is divided by 1528.
3
Let m(f) = 4*f - 11. Let u(q) = -q + 1. Let t(y) = -m(y) - 5*u(y). What is the remainder when ((-6)/4)/(3/(-90)) is divided by t(17)?
22
Let a = -3 - -17. Let y be (468/90)/(3/15). Suppose -3*j - 5*k = -109, 0 = -5*j - y*k + 25*k + 189. What is the remainder when j is divided by a?
10
Suppose 40102 = 549*b - 21386. What is the remainder when b is divided by 7 + 5/((-10)/(-4))?
4
Let f(d) = -16*d + 20. Let o be f(1). Let q(z) = z**2 - 6*z + 25. Calculate the remainder when 66 is divided by q(o).
15
What is the remainder when 20256/27 - (-80)/(-360) is divided by 21?
15
Suppose 3*i - 52 = -5*s, -3*s + 3 = 2*i - 31. Let v(f) = 94*f - 2041. Calculate the remainder when v(22) is divided by i.
13
Suppose 0 = -8*w - 2*w + 90. Suppose -6*x - w*x = -1845. What is the remainder when x is divided by 25?
23
Suppose -16*p + 13*p + 1035 = 0. Suppose -3*d - 2*i = -207, -3*i + 7*i = -5*d + p. Suppose 0 = -8*x + 3 + d. What is the remainder when 25 is divided by x?
7
Let h(b) = 5*b - 101. Let u be h(28). Let f = 48 - u. Calculate the remainder when 22 is divided by f.
4
Let k be (0/(-3))/(6 + -4). Suppose 4*q + k + 2 = b, 2*b - 4*q = 0. Calculate the remainder when -1 + 3 + b/2*-19 is divided by 11.
10
Let l be (-13)/26*(-2 - -4 - -20). Let m(c) = c**3 + 11*c**2 - 6*c - 27. Calculate the remainder when m(l) is divided by 28.
11
Let d = -8876 + 10197. What is the remainder when d is divided by 25?
21
Let v(q) = 77*q + 454. Let m be v(-6). What is the remainder when m + -1 - (-134 - -106) is divided by 8?
3
Let p(l) = 24*l + 1153. What is the remainder when p(-39) is divided by 25?
17
Let c(l) = 18*l**2 - 3*l. Calculate the remainder when c(2) is divided by 4 - 240/70 - (-150)/7.
0
Suppose -t - r + 3705 = 306, 3*t - 2*r = 10207. Calculate the remainder when t is divided by 15.
11
Let n = 65 - 46. Let y(r) = -233*r - 5076. Calculate the remainder when y(-22) is divided by n.
12
Let m = 52 - 29. Let b(j) = -j**3 + 11*j**2 - 18*j + 11. Let c be b(10). Calculate the remainder when (-4)/6*(c + 3) is divided by m.
21
Suppose 17 = k - 1. Let l(v) = 12*v + 570. Calculate the remainder when k is divided by l(-47).
0
Let f = -15520 - -15805. What is the remainder when f is divided by 74?
63
Let r = -34 - -43. Let o = r + -9. What is the remainder when (o - 120/9)*(-6)/5 is divided by 8?
0
What is the remainder when 194/8 - 180/(-48) is divided by 8?
4
Suppose 0 = -3*u - 2*u + 75. Suppose -s = -2*a - 21, 0*a + u = 2*s + 5*a. Calculate the remainder when 73 is divi